2*g - 5754. Let s = -1838 + g. Is s prime?
False
Suppose 23*o = 4104 + 14204. Let z = -6 + 9. Suppose f + z*f = o. Is f prime?
True
Suppose -5*g + 102370 = 5*l, 63*l - 58*l = 3*g - 61446. Is g a composite number?
False
Suppose 6*g - 6 = 8*g. Is -373*(-1)/g*-3 prime?
True
Is (4 - -8)/3 + 2828 + 5 a composite number?
False
Is 1/5 + (-30544)/(-5) a composite number?
True
Let k(v) = 18*v**2 - 2*v - 2. Is k(-5) composite?
True
Let v be (-1)/(-5 - (-119076)/23816). Let g = -1705 + v. Is g a prime number?
False
Suppose 42688 + 9629 = 9*r. Is r a prime number?
True
Is 76/646 - (-129096)/17 a composite number?
True
Suppose 5*a - 131515 = k, -52606 = -5*a + 3*a + 3*k. Is a prime?
False
Let h(n) = 52*n**2 + n. Suppose -5*k + 3*r - 2 + 0 = 0, -r = 2*k + 3. Let v be h(k). Is 2*v/9*3 a prime number?
False
Let r(o) = -6*o**2 - 5*o - 2. Let p be r(-2). Let h = 3 - 11. Is (-940)/p - 2/h a composite number?
False
Suppose 10*x = -7*x + 26095. Is x composite?
True
Let s(y) = 2*y**2 + 7*y + 7. Let t be s(-5). Let a = -34 - -37. Is (t - -1) + a + 0 a prime number?
False
Suppose -4*d - 12 = 0, 0 = 2*y + 4*d - d - 1001. Let a(r) = -60*r - 20. Let s be a(5). Let c = y + s. Is c a prime number?
False
Let f = -10 - -13. Let y(v) = 22*v - 4 + 5 + 0. Is y(f) composite?
False
Let g = -721 - -1748. Is g prime?
False
Suppose -2*b - 6146 = -33340. Is b a prime number?
True
Suppose -q + 3878 = 5*u, 4*q + 4317 - 19901 = -2*u. Is q prime?
False
Let s = 3844 + -1641. Is s prime?
True
Suppose 0 = 5*r - 24 - 36. Let x = r - 8. Suppose -x*f = 5*s - 489, -2*s - 3*s + 247 = 2*f. Is f a composite number?
True
Let l be 60 - (10/25 - (-66)/(-15)). Suppose h = l + 453. Is h composite?
True
Let o be 1971*1/((-3)/(-8)). Suppose 1921 - o = -5*y. Is y prime?
False
Let h(z) = -54*z**3 + 3*z**2 + z - 1. Is h(-3) a composite number?
False
Suppose 0 = w + 3*y - 4449, 17766 = 4*w - 54*y + 51*y. Is w composite?
True
Suppose -1901 = 39*j - 40*j. Is j prime?
True
Let k = 3159 + -1330. Is k a composite number?
True
Let c be ((-42)/10)/((-1)/5). Suppose 0 = l - 4*b - c - 25, 0 = -5*l - 5*b + 130. Is (-328)/10*l/(-12) prime?
False
Is (-8)/14 + 8/(-112)*-177346 composite?
True
Is (21 - 19)/((-1)/((-10694)/4)) a composite number?
False
Let g(c) = -2*c**2 - 7*c. Let l be g(-7). Let i = 86 + l. Is i a prime number?
True
Let c(i) = 25*i - 26. Let n be c(-13). Let f be ((-16)/(-20))/(6/6285). Let x = n + f. Is x a composite number?
False
Suppose -6*k = -3*k - 6. Suppose c - 4 = 2*r - 0*r, 0 = k*r + 2. Is (c - 384)/(2/(-1)) prime?
True
Let h be (15/21 - 1)*-1841. Suppose 3*s - 2*p = 3761, 0 = -s + 3*p + h + 730. Is s composite?
True
Suppose -3*h - 23102 = -5*p, 2*h - 8181 - 5684 = -3*p. Is p a prime number?
True
Let t(g) = -g**3 - 1. Let c(b) = -38*b**3 + 2*b**2 + b + 2. Let k(v) = c(v) + 5*t(v). Is k(-2) prime?
True
Let g = 4048 - 9195. Let s = 8811 + g. Suppose 4*n - s = -4*x, -2250 = -4*n - 5*x + 1413. Is n composite?
True
Let q(z) = 0 + 1 - 14*z - 23 - z**2 + 4*z**2. Is q(-9) a composite number?
False
Suppose -7*x = -12*x + 15. Suppose x*m - 1760 = 1879. Is m composite?
False
Suppose -3*u = 4*x - 1655, 50 + 366 = x + 3*u. Let l = x + 30. Is l a composite number?
False
Suppose -2*i - n = 3*i - 2080, 3*n - 416 = -i. Suppose h - 5*h = -i. Suppose -3*p = -h + 35. Is p composite?
False
Is 275682/(-2)*(19 + 406/(-21)) a prime number?
False
Let f = 83860 - 55919. Is f prime?
True
Suppose -5*f + 12 + 18 = 2*r, -4*r + f = -16. Suppose -5*w = 2*d - 106, -159 = -r*d + 2*d - 3*w. Is d composite?
False
Suppose a - 5*a - 4 = -4*z, 5*z = -2*a + 19. Suppose -3*p + 15 = f, 3*p + 5*f - 12 = z. Suppose -3*c - p*x = c - 892, -x = -4. Is c a prime number?
False
Let q(a) = -11*a**3 + 11*a**2 - a + 2. Is q(-5) composite?
False
Let d(o) = 87*o**2 + 27*o + 76. Is d(-10) a composite number?
True
Suppose z = -3 + 5. Suppose -4*l - 5*s = -6581, -3*s = -2*l - z*s + 3301. Is l a composite number?
True
Is (72/(-16) + 2)*5416/(-10) a composite number?
True
Suppose -3*g - 3*k = -4902, -5*g - 4*k + 1466 = -6709. Is g a prime number?
False
Suppose -3*x + 3 = 0, 8*y + 250 = 4*y + 2*x. Let l be (-2)/5 + (-573)/5. Let g = y - l. Is g prime?
True
Is (6 - 5)/((32/(-119932))/(-8)) a prime number?
True
Let w = -12 - -12. Suppose w = -5*z - b + 3424, -b = 2*b + 3. Is z composite?
True
Let b(s) = 36*s + 13*s - 6*s - 44 - 8*s. Is b(9) composite?
False
Let m be (402/(-15))/((-12)/30). Let a = m - -476. Is a a prime number?
False
Is 2962*(1199/330 - 4/30) a composite number?
True
Suppose 3*k - 38 = -17. Let u(d) = 3*d**3 - 3*d**2 + 10*d + 1. Is u(k) a prime number?
True
Let g = -47 - -26. Let y = 21 + g. Suppose 0*x + 5*m - 479 = -x, -4*x + m + 1916 = y. Is x a prime number?
True
Let c(a) be the third derivative of 13/15*a**5 + 2*a**2 + 0 + 0*a - 1/12*a**4 + 1/6*a**3. Is c(2) a composite number?
True
Suppose -326 = -q - 0*q. Suppose -5*x + q + 249 = 0. Is x a prime number?
False
Suppose -4*b + 14 = -2. Suppose 0*o - o = -b*n - 665, -o - 3*n + 686 = 0. Is o prime?
True
Let q(t) = 2201*t + 7. Is q(2) prime?
True
Suppose 3*w - 3*d + 309 = 0, 4*w - 154 + 530 = -5*d. Let g = 68 + w. Let x = g + 54. Is x prime?
True
Suppose 48*j - 20357 = 58891. Is j a prime number?
False
Let l = 363 - 168. Let u be (-2)/((3/34)/3). Let p = l + u. Is p prime?
True
Is 1032234/(-735)*((-14)/4 + 1) a composite number?
False
Let i(w) = 20*w**3 - 9 - 21*w**3 - w + 11*w**2 - 6*w - w. Is i(10) a composite number?
False
Let u(d) = -7*d**3 - 13*d**2 + 32*d + 7. Is u(-8) a prime number?
True
Let x(c) = 50*c**2 - 4*c - 5. Let k = -26 - 14. Let q = 38 + k. Is x(q) a composite number?
True
Let y(f) be the second derivative of 7*f**4/12 - 4*f. Let w be y(-1). Suppose w = -2*u + 53. Is u a composite number?
False
Suppose 124584 = 34*q - 10*q. Is q a prime number?
False
Let l(j) = -298*j**3 + j**2 - 5*j - 17. Is l(-3) a prime number?
True
Let j = 33963 - 16298. Is j a composite number?
True
Let a(b) = 562*b**2 + 5*b + 2. Is a(4) a prime number?
False
Suppose -81 = -a - 291. Let j be (-114)/266 - (-36)/(-14). Is (2/j)/(4/a) prime?
False
Let p(a) be the second derivative of -a**5/20 - 5*a**4/4 + 9*a**3/2 + 15*a**2 - 23*a. Is p(-17) composite?
False
Let y(d) = -311*d + 259. Is y(-14) a prime number?
False
Let f be -7*4/((-8)/70). Suppose -5*n + 2*j = -1335, -n = 2*j + 2*j - f. Is n composite?
True
Let u = 27 + -24. Suppose -h + b + 5 = 0, 3*h - 6*h - u*b - 3 = 0. Suppose -2*c + 196 = h*y, 95 = y + c - 3*c. Is y prime?
True
Let m be 960/(-1 - (-21)/12). Let s be (6/(-15))/((-2)/m). Suppose -s - 396 = -4*t. Is t a prime number?
True
Let t(f) = -f**3 + 6*f**2 - 6*f + 12. Let h(d) = d**2 - 9*d - 5. Let m be h(10). Is t(m) a prime number?
True
Let i(p) be the second derivative of -61*p**3/6 - 3*p**2/2 + 10*p. Is i(-2) composite?
True
Let r(a) = -a**3 - 8*a**2 + 8*a - 1. Let b be r(-9). Let u be 1*570/b*-4. Let q = -14 - u. Is q composite?
False
Let k(b) = 1095*b**3 + 2*b**2 - b - 2. Let r be k(-2). Is (-12)/20 + r/(-20) a composite number?
True
Suppose h - 10 = -6. Suppose 0 = -h*i + 4*t + 2612, -2*i + 0*i - 3*t + 1316 = 0. Is i a composite number?
True
Let u(j) = j**3 - 4*j**2 - j + 4. Let c be u(4). Suppose 3*p + 5*w - 541 = -c*p, -5*w = 5. Is 2/4*(p + -4) composite?
False
Suppose 4*j = -4, 31151 = 4*t + 11*j - 6*j. Is t a prime number?
True
Let y = -3366 - -9815. Is y composite?
False
Let c = -2184 + 8018. Is c prime?
False
Let a = 15203 - 5617. Let j = a - -2075. Is 2/3*j/26 a composite number?
True
Suppose 2*m + 16 = 4*a, 0*m - 3*m = -4*a + 14. Suppose m*r = -0*f + 2*f + 1830, -2725 = -3*r - f. Suppose -r = -4*q + 526. Is q composite?
False
Let q be 2/(-9) - 9462/(-54). Let c be (10 + -9)*10/2. Suppose -140 = p - 5*p - c*x, 4*x = -5*p + q. Is p prime?
False
Let j = 40962 - 24521. Is j a composite number?
True
Let p(n) = 2*n**2 - 9*n - 7. Suppose d + 0*d = -2*y, 2*d + 6 = 2*y. Let b(l) = 11*l**3 - 2*l + 1. Let o be b(y). Is p(o) prime?
True
Let l be -1765*(-1 + 3 - 3). Let z = 2502 - l. Is z composite?
True
Let x be (4 - 3)*0/2. Suppose 5*m + 3*p - 3508 = x, -m + 0*p + p = -700. Is m a composite number?
False
Let c(i) = -15*i**3 + 13*i**2 - 4*i + 1. Is c(-11) a composite number?
True
Let h(w) = w**2 - 2*w - 1. Let p be h(-1). Suppose -2*s + 317 = 4*i - 3*i, 2*s = p*i - 604. Is i a composit